re the prime factors of k(l)?
7, 17
Suppose -49 = -p - 3. Let w(o) = -o**3 - 19*o**2 - 49*o - 39. Let l be w(-17). Suppose p + 277 = 5*y - 4*z, 3*y = -5*z + l. List the prime factors of y.
67
Suppose -z = -5*i - 5*z + 39965, -4*i = 4*z - 31972. What are the prime factors of i?
7993
Let w be 2/3 + (20300/(-30) - -4). What are the prime factors of ((-36)/(-7))/((-48)/w)?
2, 3
Suppose 5*v - 32910 = -345*u + 340*u, -4*v + 19745 = 3*u. List the prime factors of u.
29, 227
Let h(l) = -2*l**2 + 11*l + 12. Let d be h(7). Let c = 30 + d. What are the prime factors of 8/6 - (-1778)/c?
2, 43
Let n(f) be the first derivative of f**4/4 + 5*f**3/6 - 7*f**2/2 + 32*f + 25. Let d(g) be the first derivative of n(g). What are the prime factors of d(6)?
131
List the prime factors of -3*249*((-2)/(-13) + (-67487)/1209).
3, 83, 167
Let b(t) = t**2 - 4*t - 1. Let p be b(5). Suppose 5*i = 20, j - 155 = -2*j + p*i. Suppose 25 = -4*x + j. List the prime factors of x.
2
Let f(a) = 31*a - 2879. What are the prime factors of f(118)?
19, 41
Suppose -7*w + 6*w - 171885 = -6*w. List the prime factors of w.
3, 7, 1637
Let w be ((-24)/(-10))/(84/1470). List the prime factors of (w/(-8))/(9/(-252) + 0).
3, 7
Suppose 27*f - 20950 - 243569 = 0. List the prime factors of f.
97, 101
Let h = -6830 + 45622. List the prime factors of h.
2, 13, 373
Suppose -269732 = -4*a + 2*b - 49812, 219938 = 4*a + b. List the prime factors of a.
54983
Let v(c) = -4*c**2 - 16*c - 4*c**3 - 4*c**2 + 3*c**3 - 3*c**2 - 12. Let d be v(-6). What are the prime factors of (d/28)/3*-7?
2
Let p be 56/6 - 70/(-105). What are the prime factors of 633/6 - 15/p?
2, 13
Let l(s) = 851*s**3 + 6*s**2 - 8*s + 1. List the prime factors of l(2).
17, 401
Let d be -18*2*2/(-12). Let r(p) = p**3 + 406*p - 4*p**2 + 13 - 805*p + 405*p - 2. List the prime factors of r(d).
7, 17
Let w(f) = f**3 - 5*f**2 + 2. Let q be w(5). Let n(o) = q - 7 + 6*o - 3 + 0. What are the prime factors of n(7)?
2, 17
Suppose 4*w - s - 45 = -2, -4*s = -2*w + 4. Suppose -t + 15 = w. Suppose 0 = -2*x - t*d + d + 64, -4*x + 5*d + 128 = 0. What are the prime factors of x?
2
Let b be -6*(4 - 117/27). List the prime factors of (-13 - (-215)/15)*2979/b.
2, 3, 331
Let u = 366 - 151. Suppose -222*j = -u*j - 10269. List the prime factors of j.
3, 163
Suppose 0 = -j + 3, -5*j = -3*v - 7*j + 12. Suppose -4 + 16 = 4*b, -v*b - 1719 = -5*n. What are the prime factors of n?
3, 5, 23
Let p(d) = 2*d - 50. Let n be p(26). Suppose 5*s - n*r = 3*s + 570, -3*r + 849 = 3*s. List the prime factors of s.
2, 71
Suppose 9652 + 118718 = 14*f - 16250. What are the prime factors of f?
2, 5, 1033
Let r = 476 - 244. Suppose -2*a + 5*t + r = a, 4*t - 399 = -5*a. List the prime factors of a.
79
Let p = -484 + -297. Let j = 1361 + p. What are the prime factors of j?
2, 5, 29
Let a be -10*-2*16/20. Suppose 13198 = a*q - 3954. What are the prime factors of q?
2, 67
Let m = 65 + 12. Suppose 517 = 2*l - m. Suppose -5*d = 2*u - l + 35, d + 709 = 5*u. List the prime factors of u.
3, 47
Let b = -145 + 382. Let n = 46 + b. List the prime factors of n.
283
Let c(b) = -13*b - 21. Let j be c(-2). Suppose -j*z + 0*g + 3*g - 17 = 0, 2*g = 4*z + 14. List the prime factors of 1809/12 - 1/z.
151
What are the prime factors of (-8)/120*3*-7115?
1423
Suppose 5*u = f + 2605, -17*f - 10 = -19*f. What are the prime factors of u?
2, 3, 29
List the prime factors of 21/6*2*(9 + (-24629)/(-77)).
2, 1151
Suppose -8134 = -a + 5*j, -891 = 2*a + 4*j - 17201. What are the prime factors of a?
29, 281
What are the prime factors of (-334016)/(-96) + ((-2)/6 - -1)?
2, 3, 5, 29
Let j = 2371 + 2769. What are the prime factors of j?
2, 5, 257
Let u be (-6)/16 + (-7371)/(-72) + 4. Let w = u + 714. List the prime factors of w.
2, 5, 41
Let i = 23 - 41. Let b = -15 + i. Let f = 46 + b. List the prime factors of f.
13
Suppose 22 = 17*i - 46. Suppose -2 = v - 4*y + 8, -2*y + 10 = -3*v. What are the prime factors of v/i + (399/6 - -3)?
3, 23
Let z be -4 + (-16)/(-2) + 1. What are the prime factors of 782/12 - 1/30*z?
5, 13
Suppose 692136 + 116750 = 106*g. List the prime factors of g.
13, 587
Let p be 0*((-3)/(-9))/((-2)/(-3)). Suppose p*r - 13*r = -26. Suppose -150 = -4*d + 4*i + 74, -4*d - r*i = -236. List the prime factors of d.
2, 29
Let y(q) = q**3 - 13*q**2 + 24*q - 13. Let o = 189 - 175. List the prime factors of y(o).
3, 173
Suppose -9*d = 5*d - 56. Let i(f) = -3*f**2 - 14*f + 5*f**3 - 6*f**2 + 22 + 4*f**2 - d*f**3. List the prime factors of i(9).
2, 5, 11
Suppose 0 = 5*y - 25, -5*b - 5*y + 44113 - 6333 = 0. List the prime factors of b.
3, 839
Let v(k) = 5*k - 25. Let c be v(8). Suppose -11*x - 112 = -c*x. What are the prime factors of x?
2, 7
Let m(s) = s**3 + 5*s**2 - 42*s - 23. Let t be m(-17). Let f = -1659 - t. What are the prime factors of f?
2, 13, 43
Suppose j + 1481 - 8574 = -2*k, 5*k - 17733 = -2*j. List the prime factors of k.
3547
Let c = 1989 - -368. List the prime factors of c.
2357
Suppose 5*x = 30 - 0. Let b(s) be the first derivative of 9*s**2/2 + 15*s - 9. List the prime factors of b(x).
3, 23
Suppose 2*j = -8 + 14, -t + 9 = 2*j. What are the prime factors of -3*(5 - t)*1652/(-42)?
2, 59
Let k(i) = 2*i**2 + 11*i - 17. Let h be k(-7). Suppose -2*r = -2*c - h*r + 772, 0 = -2*c + r + 787. What are the prime factors of c?
17, 23
Let p = -117 - -267. Let l = 150 + p. What are the prime factors of l?
2, 3, 5
Let k(u) = -u**3 + 5*u**2 + 5*u + 9. What are the prime factors of k(-14)?
3, 11, 37
Let n(z) = -5*z + 175. Let x be n(35). Suppose x = -u + 2*h - 4*h + 691, h = 3. List the prime factors of u.
5, 137
Let t(p) = p + 6. Let m be t(4). Let s = -8 + m. Suppose 3*k - 55 = -s*k. List the prime factors of k.
11
Let f(r) = 6*r**2 + 26*r + 12. Let i(q) = -q**2 - q. Let c(k) = f(k) + 5*i(k). Let l be c(-20). List the prime factors of (-2)/(l/340*1).
5, 17
List the prime factors of (-30)/100 + (-2754312)/(-240).
2, 19, 151
Suppose 3*m - 2*r = -0*m - 7, 25 = 5*m + 4*r. What are the prime factors of 6414/12*m + (-1)/(-2)?
5, 107
Let c(y) = 1 - 5 - 2 + 364*y. Let v be c(-2). List the prime factors of (-5)/2 + 3 + v/(-4).
2, 23
Suppose -5*r + 25*r + 12*r = 293472. What are the prime factors of r?
3, 1019
Suppose 5*b + 217620 = 5*z, -130578 = 498*z - 501*z - 3*b. List the prime factors of z.
5, 1741
Let b(d) = -280*d + 109. List the prime factors of b(-26).
3, 821
Suppose -44*g = -38*g - 5370. Suppose 81 - g = -h. What are the prime factors of h?
2, 11, 37
Suppose -22*t + 16 = -21*t. What are the prime factors of 2 + 233/2 + (-8)/t?
2, 59
Let w = 8 - -11. Suppose -20*r = -w*r - 960. Suppose -g + 259 = 4*h, -5*h = 4*g - 8*h - r. What are the prime factors of g?
3
Suppose 17789 + 18331 = -168*l. Let i be 2/(-4)*0 - 84. Let h = i - l. List the prime factors of h.
131
Let b(d) = 184*d + 492. List the prime factors of b(18).
2, 3, 317
Suppose 2*v + 5500 = 3*r, 76*v - 80*v = 2*r + 11000. List the prime factors of ((-4)/10*11)/(25/v).
2, 11
Suppose -2*a + 404 = -4*z, 5*a + 11*z = 7*z + 1010. Suppose 5*q = 2*p - 826, -2*q - a + 1014 = 2*p. What are the prime factors of p?
2, 3, 17
Let w(v) = 8*v**3 + 2*v**3 - v - 7*v**3 + 0*v. Let u be w(1). Suppose -13 + 89 = u*o + 4*z, -2*o = -3*z - 62. List the prime factors of o.
2, 17
Let z(u) = -u**2 - 5*u + 17. Let p = 63 - 60. Suppose p*s - 5*k + 31 = -15, 25 = 5*k. List the prime factors of z(s).
3
Let d(a) = -40*a + 65. Suppose -3*m + 133 - 151 = 0. What are the prime factors of d(m)?
5, 61
Suppose q + 4*n + 306 = -649, 4*q - n + 3752 = 0. Let z = -159 - q. What are the prime factors of z?
2, 3, 5, 13
Let l = 686 - 681. List the prime factors of (633/l)/(9*11/330).
2, 211
What are the prime factors of (1293/(-2155))/(3/(-373475))?
5, 14939
Let v(l) = -l**3 - 20*l**2 - 71*l - 119. List the prime factors of v(-25).
7, 683
Let f be (0 + -4)/((-8)/8). Suppose 5*h - 6112 = -f*l + 2943, 4*h - 3*l - 7213 = 0. List the prime factors of h.
13, 139
Suppose -2416 = -3430*g + 3429*g. List the prime factors of g.
2, 151
Suppose -2*r + 4107 = -3*j + 572, r - 1735 = -5*j. Suppose 3*b - 5*o = -0*o + r, -2324 = -4*b + o. List the prime factors of b.
2, 5, 29
Let k(q) = 5*q**2 + 4*q - 42. Suppose -5*l = -0*l - 3*y - 40, -4*l + 2*y = -32. What are the prime factors of k(l)?
2, 5, 31
Suppose -28457 